{"id":12,"date":"2021-01-14T20:40:18","date_gmt":"2021-01-14T20:40:18","guid":{"rendered":"https:\/\/gaca-coaching.de\/?page_id=12"},"modified":"2025-08-20T17:59:08","modified_gmt":"2025-08-20T17:59:08","slug":"kosten-dauer","status":"publish","type":"page","link":"https:\/\/gaca-coaching.de\/?page_id=12","title":{"rendered":"kosten \/dauer"},"content":{"rendered":"<div id=\"content\">\n<div class=\"text\">\n<h1>Kosten und Dauer<\/h1>\n<\/div>\n<p><strong>Kosten:<\/strong><\/p>\n<p><strong>Einzelklienten:<\/strong> Heilpraktikerleistungen nach Gb\u00fcH beschr\u00e4nkt auf das Gebiet der Psychotherapie vor Ort oder online:<br \/>\n90 Minuten: 115,- Euro \u00a0*<br \/>\n60 Minuten: 85 Euro \u00a0*<\/p>\n<p><strong>Paartherapie<\/strong> 90 Minuten: 150,- Euro pro Paar \u00a0*<\/p>\n<p>*Kurze R\u00fccksprachen zwischen Sitzungen telefonisch oder via Mail sind inkludiert.<\/p>\n<p><strong>Erm\u00e4\u00dfigungen:<\/strong><\/p>\n<p>In H\u00e4rtef\u00e4llen ist eine Erm\u00e4\u00dfigung m\u00f6glich. Bitte sprechen Sie mich an.<\/p>\n<p><strong>Anzahl und Abstand der Sitzungen:<\/strong><\/p>\n<p>Grunds\u00e4tzlich ist jede Sitzung in sich abgeschlossen. Sie sollten deshalb m\u00f6glichst aus jeder Sitzung etwas f\u00fcr Sie sinnvolles \u201emitnehmen\u201c.<br \/>\nWie viele Sitzungen Sie ben\u00f6tigen, ist prim\u00e4r von Ihrem Ver\u00e4nderungswunsch bzw. Ihrem Auftrag an mich abh\u00e4ngig. Es gibt also keine Mindestanzahl von Sitzungen.<br \/>\nWahrscheinlich bekommen Sie und ich aber nach kurzer Zeit eine Vorstellung von Art und Umfang der von Ihnen gew\u00fcnschten individuellen Unterst\u00fctzung.<br \/>\nBew\u00e4hrt hat sich ein 2-3 w\u00f6chiger Abstand der Sitzungen, dies kann aber nach Bedarf variert werden.<\/p>\n<p><strong>Krankenkassen:<\/strong><\/p>\n<p>Eine Abrechnung \u00fcber private Krankenkassen ist teilweise m\u00f6glich sofern diese \u201eHeilpraktikerleistungen Psychotherapie\u201c nach der Geb\u00fchrenverordnung f\u00fcr Heilpraktiker anerkennt (Gb\u00fcH Ziffer 19ff), und Sie diese Leistung vereinbart haben. Da jede Kasse andere Voraussetzungen hat, sprechen Sie mich diesbez\u00fcglich gern im Vorfeld an. Mit \u00a0gesetzlichen Kassen ist keine Abrechnung m\u00f6glich.<\/p>\n<p>Bitte beachten Sie jedoch das jede Abrechnung \u00fcber eine Krankenkasse als Psychotherapie erfolgt. Dies kann beim sp\u00e4teren Abschluss von privaten Krankenversicherungen, Berufsunf\u00e4higkeits- oder Lebensversicherern Schwierigkeiten geben oder zum Ausschluss f\u00fchren. F\u00fcr privat bezahlte Sitzungen gilt dies nicht, deshalb ist die private \u00dcbernahme der Kosten immer eine \u00dcberlegung wert.<\/p>\n<\/div>\n<div id=\"footer\">\n<div class=\"weiss\">\n<p>\u00a9 2025 berlin |<a href=\"https:\/\/gaca-coaching.de\/?page_id=77\"> impressum &amp; datenschutz<\/a><\/p>\n<\/div>\n<\/div>\n","protected":false},"excerpt":{"rendered":"<p>Kosten und Dauer Kosten: Einzelklienten: Heilpraktikerleistungen nach Gb\u00fcH beschr\u00e4nkt auf das Gebiet der Psychotherapie vor Ort oder online: 90 Minuten: 115,- Euro \u00a0* 60 Minuten: 85 Euro \u00a0* Paartherapie 90 Minuten: 150,- Euro pro Paar \u00a0* *Kurze R\u00fccksprachen zwischen Sitzungen telefonisch oder via Mail sind inkludiert. Erm\u00e4\u00dfigungen: In H\u00e4rtef\u00e4llen ist eine Erm\u00e4\u00dfigung m\u00f6glich. Bitte sprechen &hellip;<\/p>\n","protected":false},"author":1,"featured_media":0,"parent":0,"menu_order":0,"comment_status":"closed","ping_status":"closed","template":"","meta":{"footnotes":""},"_links":{"self":[{"href":"https:\/\/gaca-coaching.de\/index.php?rest_route=\/wp\/v2\/pages\/12"}],"collection":[{"href":"https:\/\/gaca-coaching.de\/index.php?rest_route=\/wp\/v2\/pages"}],"about":[{"href":"https:\/\/gaca-coaching.de\/index.php?rest_route=\/wp\/v2\/types\/page"}],"author":[{"embeddable":true,"href":"https:\/\/gaca-coaching.de\/index.php?rest_route=\/wp\/v2\/users\/1"}],"replies":[{"embeddable":true,"href":"https:\/\/gaca-coaching.de\/index.php?rest_route=%2Fwp%2Fv2%2Fcomments&post=12"}],"version-history":[{"count":12,"href":"https:\/\/gaca-coaching.de\/index.php?rest_route=\/wp\/v2\/pages\/12\/revisions"}],"predecessor-version":[{"id":165,"href":"https:\/\/gaca-coaching.de\/index.php?rest_route=\/wp\/v2\/pages\/12\/revisions\/165"}],"wp:attachment":[{"href":"https:\/\/gaca-coaching.de\/index.php?rest_route=%2Fwp%2Fv2%2Fmedia&parent=12"}],"curies":[{"name":"wp","href":"https:\/\/api.w.org\/{rel}","templated":true}]}}